d. List the prime factors of m(h).
3, 7
Let y(w) = 0 - 2 - 29*w + 3. Let r be y(-9). Suppose -4*x = -b - 524, -3*x + x + b = -r. What are the prime factors of x?
131
Let w(q) = -3*q**3 - 2*q**2 + 36*q + 3. List the prime factors of w(-11).
2, 23, 73
Let k(t) = 9*t - 41. Let b be k(7). Suppose 5*f = b*f - 18071. What are the prime factors of f?
1063
Let c(z) be the second derivative of -z**5/20 - z**4/4 + 2*z**3/3 + 3*z. Let l be c(-4). Suppose 252 = 4*w - l*w. What are the prime factors of w?
3, 7
Let w be (-9 + (-988)/(-8))*18. Let b = 3136 - w. What are the prime factors of b?
5, 43
Suppose -24 = -3*r - 3*i, 0*r + 3*r - 56 = 5*i. Suppose 0 = r*o - 8045 + 1745. What are the prime factors of o?
3, 5, 7
Suppose 3*j + 32*f = 31*f + 22817, -j = -2*f - 7615. List the prime factors of j.
7607
Suppose 3*b - 284 = 136. Let h = 188 + b. What are the prime factors of h?
2, 41
Suppose 5*f - 12849 = 5*t + 2751, -2*f + 6246 = -3*t. List the prime factors of f.
2, 3, 173
Let z(q) = q**3 - 10*q**2 + 15*q - 52. Let t be z(9). Suppose 0 = -4*v + 4*m - 444, -t*v - m + 4*m = 222. Let y = 45 - v. What are the prime factors of y?
2, 3, 13
Suppose 220*x = 289*x - 2488416. What are the prime factors of x?
2, 7, 23
Let w = -9922 + 25976. What are the prime factors of w?
2, 23, 349
Let s(b) = 11*b + 25. Let a be s(-2). Suppose -4*o + 1 = -c + 50, a*o - 12 = 0. List the prime factors of c.
5, 13
Suppose -2459 = -5*m + 2*o, m + 265*o = 264*o + 489. Let v(x) = -71*x**2 + 2*x. Let u be v(-2). Let p = m + u. List the prime factors of p.
7, 29
Let s(y) = 6*y**3 + 10*y**3 + 0*y**3 + 4*y + 2*y**2 - 18*y**3 + 2*y + 3. Suppose -f + 5*o = -1 - 5, o - 14 = 4*f. List the prime factors of s(f).
139
Let a = -142 - -101. Let b = -36 - a. List the prime factors of ((-72)/b)/(2/(-10)).
2, 3
Let l = -44 + 442. What are the prime factors of l?
2, 199
Let u = 83 - 79. Suppose -u*o - j + 951 = 0, o - 121 = -j + 116. What are the prime factors of o?
2, 7, 17
Suppose 346940 = -1800*a + 1822*a. List the prime factors of a.
2, 5, 19, 83
Suppose 0 = -59*b + 4667 + 105840. List the prime factors of b.
1873
Let s be ((-3)/(-2) - 0)/(1/4). Suppose 4*n + 321 = a, -4*a + s*a = 3*n + 632. Let c = -111 + a. List the prime factors of c.
2, 101
Suppose 2*y + 148*m - 152*m = 60610, -2*y + 60614 = -5*m. List the prime factors of y.
3, 10099
Let z be -1*((-6380)/(-5))/(-4). Suppose -5*n = 4*l - z + 104, -4*n + 183 = l. Suppose -42*u + n*u = 615. List the prime factors of u.
3, 41
Let b be (3 + 0)*(-9 - (-128)/12). Let f(l) = 48*l + 93. What are the prime factors of f(b)?
3, 37
What are the prime factors of ((-70515)/(-12))/(270/360)?
5, 1567
Let r = -4 - 6. Let g be 4 + ((-6)/r - (-9)/(-15)). Suppose -3*n + 272 = -n - g*h, 3*h = -n + 146. List the prime factors of n.
2, 5, 7
Let s(c) = 19*c - 96. Let v(o) = 20*o - 97. Let x(a) = 4*s(a) - 5*v(a). What are the prime factors of x(-20)?
7, 83
Let t(n) = 668*n**2 + 37*n - 96. What are the prime factors of t(3)?
3, 7, 41
List the prime factors of ((-950)/20 - -9)/((-3031)/(-758) - 4).
7, 11, 379
Suppose -2*s + 5*q + 392 = 65, 0 = -4*s - 3*q + 589. List the prime factors of s.
151
Suppose -70 = -40*g + 50*g. List the prime factors of (g/(49/70))/((-4)/14).
5, 7
Let i = -423 - -427. What are the prime factors of 4401/36 - 13 - 5/i?
2, 3
Let f(g) = 91*g**2 - 154*g + 26. What are the prime factors of f(-18)?
2, 16141
Let z = -31 - -55. Let n be 2*(0 + -2) + z. Suppose -3*v - h = -n, 2*h - 4*h + 33 = 5*v. What are the prime factors of v?
7
Let y(k) = -13*k + 39. Let o be y(3). What are the prime factors of 5 + -1118*((5 - 6) + o)?
1123
Let m be (-8)/(-52) + (-4)/26. Suppose m = -77*k + 74*k + 1809. What are the prime factors of k?
3, 67
Suppose 3*g + 222 = -3*g. Let f be (9/6 - g/2)*-1. Let w = 40 + f. What are the prime factors of w?
2, 5
Let l(c) = -2*c**3 + c**2 + 44*c + 439. What are the prime factors of l(-13)?
2, 5, 443
Let h(t) = t**2 + 3*t. Let o be h(-4). Suppose -f - 5 = -o. List the prime factors of f/((-1)/83) - 1.
2, 41
Suppose 5*a = -4*h + 4*a + 26402, -h = -4*a - 6626. List the prime factors of h.
2, 3301
Suppose x = 2*b + 4*x + 10, 4*b + x = 0. What are the prime factors of (9 - 4) + 391/b?
2, 3, 11
Suppose -2*k = l - 4*k + 295, -4*l = -5*k + 1183. Let a = l + 476. List the prime factors of a.
179
Suppose h - 2 = 2*p - 5, -3*p + 32 = 4*h. List the prime factors of h/((-40)/1748)*-2.
19, 23
Suppose 2*h - 2 = 4*s, -4*s = -h + 1 - 0. Suppose h + 2 = p. Suppose p*g = -25 + 79. What are the prime factors of g?
2, 3
Let y(u) = 65*u**2 - u - 9. Let x be y(3). Suppose x = 5*r + 3*l, 341 = r + 2*r - l. Suppose -2*s + 104 = -r. List the prime factors of s.
109
Suppose -13*w + 113588 = -76277. What are the prime factors of w?
5, 23, 127
Let k = -9 - -13. Let d be (5/(-30)*k)/((-1)/(-6)). What are the prime factors of 10/d*(-116)/10?
29
Suppose 0 = -2*n + 4 - 0. Suppose 3 = k - n, -2*k = -5*s + 10. Suppose s*c = r + 426, 0*c - r + 210 = 2*c. List the prime factors of c.
2, 53
Suppose -19 = -16*v + 29. Suppose -2025 = -4*c - 4*l + 3*l, 0 = -v*c + l + 1517. List the prime factors of c.
2, 11, 23
List the prime factors of (-3)/(6/(-23857)) - (-17 + (-429)/(-26)).
79, 151
Suppose 9 = -4*p - 47. Let j(g) = g**3 + 13*g**2 - 32*g - 13. What are the prime factors of j(p)?
239
Let y = -19186 + 41313. List the prime factors of y.
7, 29, 109
Suppose 3*m = -4*i + 58489, -m - 3738*i + 3737*i = -19497. List the prime factors of m.
17, 31, 37
Let q(i) = 37*i + 309. What are the prime factors of q(-7)?
2, 5
Suppose -4*l + 3*z = -6, -4*z + 3 + 5 = 0. Let u be 1/(-9)*28/7 - 2582/(-18). Suppose -l*s + u = -d - 22, -s + 4*d + 66 = 0. What are the prime factors of s?
2, 3
Let z be (42*9/2)/(18/12). Suppose -w = 2*i - 2*w + z, -200 = 3*i + 4*w. Let s = -28 - i. What are the prime factors of s?
2, 3
Suppose -71*y = -64*y - 42. Suppose 518 = k + 3*d, 4*k = -y*d + 5*d + 2072. What are the prime factors of k?
2, 7, 37
List the prime factors of 0 - 4 - (7 - (0 + 3)) - -41117.
3, 71, 193
Suppose 2*v - 9 = 5*m, v + 0*v = 3*m + 6. Let b(c) = 17*c - 116. Let y be b(8). What are the prime factors of (y/8 + v)*-110?
5, 11
Let t(l) be the second derivative of -47*l**3/6 + 6*l**2 + 143*l. List the prime factors of t(-4).
2, 5
Let v(p) = p**2 + 8*p - 22. Suppose 0 = 4*r + 2*r - 36. Let n be (52/r)/((-10)/15). List the prime factors of v(n).
43
Suppose 1101 = i - 4*t - 11692, -t = -i + 12796. List the prime factors of i.
67, 191
Let i(h) = 833*h**2 - 4*h + 1. Let r be i(1). Suppose -v + m + 656 = 0, 0 = -2*v + 4*m + r + 486. What are the prime factors of v?
2, 3, 109
Let c(o) = o**3 - 3*o**2 + 2*o - 11. Let k be c(6). Suppose -3*f = 3*a - 162, -185*f - k = -2*a - 188*f. List the prime factors of a.
53
Let y = 11774 - -2403. What are the prime factors of y?
14177
Let n(f) = 83*f**2 + 31*f - 54. What are the prime factors of n(-9)?
2, 3, 5, 71
What are the prime factors of ((-3279)/2)/((-170)/(-40) + -5)?
2, 1093
Let c = 6858 + -2012. List the prime factors of c.
2, 2423
Suppose -3*u + 5*l + 13 = -u, 14 = 4*u + 2*l. Suppose u*n + 6*m - 2193 = 5*m, -2*n + 5*m + 1091 = 0. What are the prime factors of n?
2, 137
Let a = 84188 - 49562. List the prime factors of a.
2, 3, 29, 199
Let a(d) = -d**3 - 31*d**2 + 65*d + 66. Let p = -185 + 152. What are the prime factors of a(p)?
3, 11
Let x(o) = o + 11. Let s be x(-11). Suppose -28*m + 26*m - 18 = s. Let c(r) = 3*r**2 + 14*r. What are the prime factors of c(m)?
3, 13
Let d(v) = -v - 2. Let g be (-3 + -1)/((-4)/(-8)). Let j be d(g). Suppose 4*o + 187 = -3*q + j*q, -5*o - 44 = -q. What are the prime factors of q?
3, 23
Let j(z) = 2*z**2 - 2*z. Let a be j(4). Suppose 23 = -o + a. Let r(q) = 26*q**2 + q. What are the prime factors of r(o)?
3
Let v = 57 - 183. Let m be (-691)/3 + 40/120. Let u = v - m. What are the prime factors of u?
2, 13
Suppose 63326 - 5803 = 3*h + t, 19166 = h + 2*t. List the prime factors of h.
2, 3, 17, 47
Suppose 1396 = -4*m + 4*x, -703 = 2*m + 3*x - 0*x. Let y = m - -630. List the prime factors of y.
2, 5, 7
Let r = -565 + 868. Let x = -161 + r. List the prime factors of x.
2, 71
Let p be (-11573)/355 + (-14)/10. Let r = 125 - 62. Let w = r + p. What are the prime factors of w?
29
Let h = 6577 - -850. List the prime factors of h.
7, 10